{"id":32,"date":"2024-02-21T15:35:02","date_gmt":"2024-02-21T14:35:02","guid":{"rendered":"http:\/\/jeanpiu.cluster029.hosting.ovh.net\/?page_id=32"},"modified":"2024-02-28T09:36:16","modified_gmt":"2024-02-28T08:36:16","slug":"biographie","status":"publish","type":"page","link":"https:\/\/www.jeanpierreconnes.com\/index.php\/biographie\/","title":{"rendered":"Biographie"},"content":{"rendered":"\n<p class=\"has-text-align-center\"><strong>Jean-Pierre Conn\u00e8s<\/strong><\/p>\n\n\n\n<p>Originaire de Gironde, Jean-Pierre Conn\u00e8s est n\u00e9 le 20 mai 1948 \u00e0 Caud\u00e9ran, ancienne commune de Gironde &nbsp;faisant aujourd&rsquo;hui partie de Bordeaux. \u00c2g\u00e9 de 10 ans, il se passionne pour le dessin \u00e0 la sanguine et le fusain. Adolescent, il d\u00e9couvre la poterie, les \u00e9maux sur cuivre, la sculpture sur pierre et la musique. En 1964, il int\u00e8gre l&rsquo;Association des Francs et Franches camarades (F.F.C.) et fonde deux groupes de rock, Les M\u00e9t\u00e9ores, puis Les Apollos, qui se produisent dans la r\u00e9gion bordelaise ; mais gagner sa vie et suivre des \u00e9tudes le contraignent \u00e0 abandonner le y\u00e9-y\u00e9.<\/p>\n\n\n\n<p>&nbsp; &nbsp; &nbsp; &nbsp; &nbsp; &nbsp; &nbsp;&nbsp; En 1967, Jean-Pierre travaille dans un Institut de r\u00e9\u00e9ducation psychoth\u00e9rapique (I.R.P.), puis dans un Institut m\u00e9dico-p\u00e9dagogique (I.M.P.), centre de soins et d&rsquo;\u00e9ducation accueillant des enfants et adolescents handicap\u00e9s pr\u00e9sentant une d\u00e9ficience \u00e0 pr\u00e9dominance intellectuelle. Titulaire du dipl\u00f4me d&rsquo;\u00c9tat d&rsquo;\u00e9ducateur sp\u00e9cialis\u00e9 (D.E.E.S.) obtenu \u00e0 Bordeaux (1971), il se donne comme mission de travailler aupr\u00e8s de populations pr\u00e9sentant diff\u00e9rents handicaps ou inadaptations. Ainsi, il est recrut\u00e9 dans un foyer de semi-libert\u00e9 pour adolescents et jeunes adultes d\u00e9linquants, puis dans un foyer d\u00e9partemental de l&rsquo;enfance, dans un \u00e9tablissement pour jeunes filles ayant des probl\u00e8mes de comportement et de d\u00e9linquance et, enfin, de nouveau en I.M.P. accueillant des adolescents pr\u00e9sentant une d\u00e9ficience intellectuelle dite profonde (1971-1980). Pendant cette p\u00e9riode, il obtient sa licence en Sciences sociales appliqu\u00e9es au travail social (1979) suivie d&rsquo;une ma\u00eetrise (1980).<\/p>\n\n\n\n<p>&nbsp; &nbsp; &nbsp; &nbsp; &nbsp; &nbsp; &nbsp; &nbsp; Son exp\u00e9rience, ses titres et des engagements personnels sur ses cong\u00e9s pour tenter l&rsquo;insertion en milieu ordinaire d&rsquo;adultes d\u00e9ficients intellectuels, psychotiques et autistes, lui permettent d&rsquo;\u00eatre nomm\u00e9 directeur-adjoint d&rsquo;un I.M.E. (Institut m\u00e9dico-\u00e9ducatif) \u00e0 Pessac (1980-1983) et, en outre, d&rsquo;assumer la responsabilit\u00e9 d&rsquo;un budget commun \u00e0 trois \u00e9tablissements ainsi que d&rsquo;un service m\u00e9dico-social et d&rsquo;un foyer d&rsquo;h\u00e9bergement pour adultes.<\/p>\n\n\n\n<p>&nbsp; &nbsp; &nbsp; &nbsp; &nbsp; &nbsp; &nbsp; &nbsp; L&rsquo;ann\u00e9e 1983 est une ann\u00e9e charni\u00e8re dans la vie de Jean-Pierre Conn\u00e8s. La reconnaissance de ses qualit\u00e9s le fait nommer loin de son cher Sud-Ouest dont il garde l&rsquo;accent ensoleill\u00e9. Il part dans le d\u00e9partement de la Sarthe comme directeur d&rsquo;un Centre \u00e9ducatif scolaire, \u00e0 Saint-Gervais-de-Vic, accueillant des jeunes en difficult\u00e9s sociales ou familiales. Il doit alors remplir une mission de r\u00e9habilitation et de mise en perspective de l&rsquo;\u00e9tablissement, qu&rsquo;il g\u00e8re jusqu&rsquo;en 1989, puis d&rsquo;une Maison d&rsquo;enfants (1989-1998), au Mans, qu&rsquo;il doit externaliser en petites unit\u00e9s de vie de type familial dans la ville, cr\u00e9ant \u00e9galement un centre d&rsquo;accueil familial sp\u00e9cialis\u00e9. Dans le prolongement de cette derni\u00e8re mission, il veille sur un club de football, une radio locale, un club caisse \u00e0 savon et d&rsquo;un autre de mob-cross.<\/p>\n\n\n\n<p>&nbsp; &nbsp; &nbsp; &nbsp; &nbsp; &nbsp; &nbsp; &nbsp; Dans les ann\u00e9es 1990, souhaitant approfondir ses connaissances dans le secteur m\u00e9dico-social, il entame une s\u00e9rie de formations d&rsquo;enseignement professionnel sup\u00e9rieur d&rsquo;une part, et universitaires, d&rsquo;autre part. Il suit les cours des 1er et 2e cycles de Perfectionnement pour directeurs et cadres (Syndicat national des associations de parents d&rsquo;enfants inadapt\u00e9s, Paris, 1993), et de Formation \u00e0 l&rsquo;encadrement pour les directeurs et cadres du secteur sanitaire, m\u00e9dico-social et social dans le cadre du dipl\u00f4me d&rsquo;\u00e9tudes sp\u00e9cialis\u00e9es en gestion (Conservatoire national des arts et m\u00e9tiers, Nantes, 1995). En 1994, il soutient, \u00e0 la facult\u00e9 de Droit du Mans, une th\u00e8se intitul\u00e9e De l&rsquo;orphelinat Saint-Pavin-des-Champs aux maisons d&rsquo;enfants Saint-Pavin, recevant une mention tr\u00e8s bien avec f\u00e9licitations du jury.<\/p>\n\n\n\n<p>&nbsp; &nbsp; &nbsp; &nbsp; &nbsp; &nbsp; &nbsp; &nbsp; Ces formations lui permettent d&rsquo;obtenir plusieurs \u00ab parchemins \u00bb :<\/p>\n\n\n\n<p>Dipl\u00f4me des Hautes \u00e9tudes en pratiques sociales, mention tr\u00e8s bien avec f\u00e9licitations du jury (Le Mans, 1994) ;<\/p>\n\n\n\n<p>Dipl\u00f4me d&rsquo;\u00c9tudes sup\u00e9rieures sp\u00e9cialis\u00e9es (D.E.S.S.) en gestion des entreprises d&rsquo;\u00e9conomie sociale, mention assez bien (Le Mans, 1995) ;<\/p>\n\n\n\n<p>Dipl\u00f4me d&rsquo;\u00c9tudes approfondies (D.E.A.) en sciences \u00e9conomiques (Conseil scientifique, Angers, 1996-1997) ;&nbsp;<\/p>\n\n\n\n<p>Dipl\u00f4me de 3e cycle de Management des secteurs m\u00e9dico-sociaux et de sant\u00e9 (D.M.S.), mention bien (Institut d&rsquo;administration des entreprises [I.A.E], Aix-en-Provence, 1996-1997).<\/p>\n\n\n\n<p>&nbsp; &nbsp; &nbsp; &nbsp; &nbsp; &nbsp; &nbsp; &nbsp; Il se forme \u00e9galement dans le droit du travail, de la gestion comptable, administrative, des ressources humaines, du patrimoine, etc., aupr\u00e8s d&rsquo;organismes priv\u00e9s du secteur professionnel.<\/p>\n\n\n\n<p>&nbsp; &nbsp; &nbsp; &nbsp; &nbsp; &nbsp; &nbsp; &nbsp; En 1998, Jean-Pierre Conn\u00e8s est doctorant en Sciences \u00e9conomiques, option Droit, \u00e9conomie et sciences sociales \u00e0 l&rsquo;universit\u00e9 d&rsquo;Angers.<\/p>\n\n\n\n<p>&nbsp; &nbsp; &nbsp; &nbsp; &nbsp; &nbsp; &nbsp; &nbsp; Cette m\u00eame ann\u00e9e, il est nomm\u00e9 au Mans comme directeur d&rsquo;un complexe de services de tutelles aux prestations sociales, d&rsquo;investigation et d&rsquo;orientation \u00e9ducative, dont l&rsquo;une des sp\u00e9cificit\u00e9s est la mise en place d&rsquo;un service d&rsquo;enqu\u00eates sociales aupr\u00e8s d&rsquo;un juge aux affaires familiales (JAF).<\/p>\n\n\n\n<p>&nbsp; &nbsp; &nbsp; &nbsp; &nbsp; &nbsp; &nbsp; &nbsp; Enfin, presque au terme d&rsquo;une d\u00e9j\u00e0 longue carri\u00e8re, missionn\u00e9 en 2000 pour fermer l&rsquo;Institut de r\u00e9\u00e9ducation psychoth\u00e9rapique (I.R.P) de Champagn\u00e9, Les Aubrys, ouvert en 1953, il pr\u00e9f\u00e8re le sauver. Il met alors en place une association gestionnaire, Les Petits Princes, puis construit, r\u00e9am\u00e9nage, d\u00e9veloppe et p\u00e9rennise l&rsquo;\u00e9tablissement et plusieurs autres services. L&rsquo;ensemble devient Institut th\u00e9rapeutique, \u00e9ducatif et p\u00e9dagogique (I.T.E.P) accueillant filles et gar\u00e7ons de 6 \u00e0 18 ans pr\u00e9sentant des difficult\u00e9s psychologiques dont l&rsquo;intensit\u00e9 des troubles du comportement perturbe gravement leur socialisation. Apr\u00e8s avoir sauv\u00e9 Les Aubrys, Jean-Pierre Conn\u00e8s, retrait\u00e9 le 1er juin 2008, s&rsquo;investit dans la conception, puis la cr\u00e9ation d&rsquo;un ITEP Pro \u00e0 Saint-Cosme-en-Vairais, ouvert le 3 septembre 2013.<\/p>\n\n\n\n<p>&nbsp; &nbsp; &nbsp; &nbsp; &nbsp; &nbsp; &nbsp; &nbsp; Au cours de sa carri\u00e8re, il a particip\u00e9 b\u00e9n\u00e9volement \u00e0 un certain nombre d&rsquo;organismes li\u00e9s au&nbsp; secteur social.<\/p>\n\n\n\n<p>&nbsp; &nbsp; &nbsp; &nbsp; &nbsp; &nbsp; &nbsp; &nbsp; Il fut notamment :<\/p>\n\n\n\n<p>Administrateur du Centre r\u00e9gional de l&rsquo;enfance et de l&rsquo;adolescence inadapt\u00e9e (CREAI), r\u00e9gion Pays de La Loire (1983-2000) ;<\/p>\n\n\n\n<p>Membre fondateur du Groupement des directeurs du secteur sanitaire et social de la Sarthe (G.D.4.S.), six mandats de pr\u00e9sident (1989-1998), puis pr\u00e9sident honoraire ;<\/p>\n\n\n\n<p>Cofondateur (1990) de l&rsquo;Union r\u00e9gionale des associations de directeurs des Pays de la Loire (URAD) regroupant six associations d\u00e9partementales ;<\/p>\n\n\n\n<p>Repr\u00e9sentant des instituts th\u00e9rapeutiques, \u00e9ducatifs et p\u00e9dagogiques du d\u00e9partement de la Sarthe au dispositif handiscol (octobre 2001-mai 2008*) ;<\/p>\n\n\n\n<p>Vice-pr\u00e9sident de l&rsquo;Association sarthoise de soutien \u00e9ducatif et familial (octobre 2002-2005) ;<\/p>\n\n\n\n<p>Vice-pr\u00e9sident national de l&rsquo;AIRe (Association des ITEPS et de leurs r\u00e9seaux) en charge de la coordination des r\u00e9gions Bretagne, Basse-Normandie, Haute Normandie, Centre, Pays de la Loire (2001-2008*) ;<\/p>\n\n\n\n<p>Repr\u00e9sentant des institutions sociales et m\u00e9dico-sociales accueillant des personnes handicap\u00e9es, au Comit\u00e9 r\u00e9gional de l&rsquo;Organisation sociale et m\u00e9dico-sociale des Pays de la Loire (juin 2004-mai 2008*), membre du comit\u00e9 de pilotage ;<\/p>\n\n\n\n<p>Membre titulaire de la Commission ex\u00e9cutive de la Maison d\u00e9partementale des personnes handicap\u00e9es de la Sarthe (M.D.P.H.), au titre de repr\u00e9sentant d&rsquo;organisme \u0153uvrant dans le domaine du handicap (janvier 2006-mai 2008*) ;<\/p>\n\n\n\n<p>Personne qualifi\u00e9e au Conseil d\u00e9partemental consultatif des personnes handicap\u00e9es de la Sarthe (C.D.C.P.H.) de janvier 2004 \u00e0 mai 2008*, et comme m\u00e9diateur dans les \u00e9tablissements et services sociaux et m\u00e9dico-sociaux (2008-2013) ;<\/p>\n\n\n\n<p>Membre du Conseil scientifique de l&rsquo;Institut social \u00e9ducatif m\u00e9dicalis\u00e9 pour adolescents (ISEMA), (2010-2013) ;<\/p>\n\n\n\n<p>Formateur vacataire \u00e0 l&rsquo;Institut de formation, de recherche et d&rsquo;animation des m\u00e9tiers \u00e9ducatifs et sociaux d&rsquo;Anjou, \u00e0 l&rsquo;Institut du travail social de Tours, Rennes, conf\u00e9rencier \u00e0 l&rsquo;universit\u00e9 du Maine, au Coll\u00e8ge des \u00e9tudes coop\u00e9ratives, associatives et mutualistes (CECAM) et \u00e0 l&rsquo;\u00c9cole sup\u00e9rieure des sciences commerciales d&rsquo;Angers, intervenant au cours de journ\u00e9es d&rsquo;\u00e9tudes et de congr\u00e8s dont, pour certains, il est l&rsquo;un des organisateurs, etc. ;<\/p>\n\n\n\n<p>Membre de la commission d\u00e9partementale permanente d&rsquo;agr\u00e9ment des assistantes maternelles de la Sarthe, Conseil g\u00e9n\u00e9ral de la Sarthe (1989-1998) ;<\/p>\n\n\n\n<p>Administrateur du CECAM ;<\/p>\n\n\n\n<p>Etc.<\/p>\n\n\n\n<p>&nbsp; &nbsp; &nbsp; &nbsp; &nbsp; &nbsp; &nbsp; &nbsp; Cette carri\u00e8re bien remplie, de quarante-six ann\u00e9es, a \u00e9t\u00e9 couronn\u00e9e par plusieurs distinctions : m\u00e9daille de la Protection judiciaire de la Jeunesse (1993) ; chevalier de l&rsquo;ordre national du M\u00e9rite (1995), puis officier (2019) ; m\u00e9daille de bronze de la Jeunesse et des Sports (1997), puis d&rsquo;argent (2009) ; chevalier de l&rsquo;ordre des Palmes acad\u00e9miques (2007), puis officier (2015).<\/p>\n\n\n\n<p>&nbsp; &nbsp; &nbsp; &nbsp; &nbsp; &nbsp; &nbsp; &nbsp; Parall\u00e8lement \u00e0 ses activit\u00e9s professionnelles, Jean-Pierre a pratiqu\u00e9 la boxe et le rugby, puis le judo (1971-1987), devenant ceinture noire 2e dan technique (et professeur), et le cyclisme sur route.<\/p>\n\n\n\n<p>&nbsp; &nbsp; &nbsp; &nbsp; &nbsp; &nbsp; &nbsp; &nbsp; Apr\u00e8s trente-six ann\u00e9es de pause musicale, il revient \u00e0 ses premi\u00e8res amours et forme, en f\u00e9vrier 2001, le groupe de rock The Rocking Chairs, g\u00e9r\u00e9 par une association qu&rsquo;il met en place \u00e0 cet effet, se produisant lors de nombreux concerts et publiant sept CD. Le dernier concert, mettant fin \u00e0 l&rsquo;aventure, s&rsquo;est d\u00e9roul\u00e9 le 15 juin 2019.<\/p>\n\n\n\n<p>&nbsp; &nbsp; &nbsp; &nbsp; &nbsp; &nbsp; &nbsp; &nbsp; Lorsque toutes ses activit\u00e9s lui en laissent le temps, il se consacre au bricolage, au jardinage et \u00e0 la moto, ses passions.<\/p>\n\n\n\n<p>&nbsp; &nbsp; &nbsp; &nbsp; &nbsp; &nbsp; &nbsp; &nbsp; Il est important d&rsquo;observer que tout ce qu&rsquo;\u00e0 fait Jean-Pierre Conn\u00e8s dans les vingt-cinq derni\u00e8res ann\u00e9es de sa carri\u00e8re professionnelle, n&rsquo;aurait pu \u00eatre r\u00e9alis\u00e9, dit-il, sans le soutien inconditionnel de Th\u00e9r\u00e8se, sa compagne, disparue pr\u00e9matur\u00e9ment.<\/p>\n\n\n\n<p class=\"has-text-align-right\">&nbsp; &nbsp; &nbsp; &nbsp; &nbsp; &nbsp; &nbsp; &nbsp; &nbsp; &nbsp; &nbsp; &nbsp; &nbsp; &nbsp; &nbsp; &nbsp; &nbsp; &nbsp; &nbsp; &nbsp; &nbsp; &nbsp; &nbsp; &nbsp; &nbsp; &nbsp; &nbsp; &nbsp; &nbsp; &nbsp; &nbsp; &nbsp; &nbsp; &nbsp; &nbsp; &nbsp; &nbsp; &nbsp; &nbsp; &nbsp; &nbsp; &nbsp; &nbsp;&nbsp; &nbsp; &nbsp; &nbsp;Ancien archiviste de la Ville d&rsquo;Alen\u00e7on (Orne)<\/p>\n\n\n\n<p class=\"has-text-align-right\">*Date de d\u00e9part \u00e0 la retraite.\u00a0 \u00a0 \u00a0 \u00a0 \u00a0 \u00a0 \u00a0 \u00a0 \u00a0 \u00a0 \u00a0 \u00a0 \u00a0 \u00a0 \u00a0 \u00a0 \u00a0 \u00a0 \u00a0 \u00a0 \u00a0 \u00a0 \u00a0 \u00a0 \u00a0 \u00a0 \u00a0 \u00a0 \u00a0 \u00a0 \u00a0 \u00a0 \u00a0 \u00a0 \u00a0 \u00a0 \u00a0 \u00a0 \u00a0 \u00a0 \u00a0 \u00a0 \u00a0\u00a0 \u00a0 \u00a0<\/p>\n","protected":false},"excerpt":{"rendered":"<p>Jean-Pierre Conn\u00e8s Originaire de Gironde, Jean-Pierre Conn\u00e8s est n\u00e9 le 20 mai 1948 \u00e0 Caud\u00e9ran, ancienne commune de Gironde &nbsp;faisant aujourd&rsquo;hui partie de Bordeaux. \u00c2g\u00e9 de 10 ans, il se passionne pour le dessin \u00e0 la sanguine et le fusain. Adolescent, il d\u00e9couvre la poterie, les \u00e9maux sur cuivre, la sculpture sur pierre et la [&hellip;]<\/p>\n","protected":false},"author":1,"featured_media":0,"parent":0,"menu_order":0,"comment_status":"closed","ping_status":"closed","template":"","meta":{"footnotes":""},"class_list":["post-32","page","type-page","status-publish","hentry"],"_links":{"self":[{"href":"https:\/\/www.jeanpierreconnes.com\/index.php\/wp-json\/wp\/v2\/pages\/32","targetHints":{"allow":["GET"]}}],"collection":[{"href":"https:\/\/www.jeanpierreconnes.com\/index.php\/wp-json\/wp\/v2\/pages"}],"about":[{"href":"https:\/\/www.jeanpierreconnes.com\/index.php\/wp-json\/wp\/v2\/types\/page"}],"author":[{"embeddable":true,"href":"https:\/\/www.jeanpierreconnes.com\/index.php\/wp-json\/wp\/v2\/users\/1"}],"replies":[{"embeddable":true,"href":"https:\/\/www.jeanpierreconnes.com\/index.php\/wp-json\/wp\/v2\/comments?post=32"}],"version-history":[{"count":3,"href":"https:\/\/www.jeanpierreconnes.com\/index.php\/wp-json\/wp\/v2\/pages\/32\/revisions"}],"predecessor-version":[{"id":110,"href":"https:\/\/www.jeanpierreconnes.com\/index.php\/wp-json\/wp\/v2\/pages\/32\/revisions\/110"}],"wp:attachment":[{"href":"https:\/\/www.jeanpierreconnes.com\/index.php\/wp-json\/wp\/v2\/media?parent=32"}],"curies":[{"name":"wp","href":"https:\/\/api.w.org\/{rel}","templated":true}]}}